4
What is the greatest common factor of 776 and 935468?
388
What is the greatest common divisor of 4 and 62668?
4
Calculate the greatest common divisor of 3066 and 3318.
42
What is the greatest common divisor of 3051 and 2712?
339
Calculate the highest common divisor of 176 and 27632.
176
What is the greatest common divisor of 61 and 413153?
61
What is the greatest common factor of 6014 and 3880?
194
Calculate the greatest common factor of 95 and 535629.
19
What is the highest common divisor of 117408 and 160?
32
Calculate the greatest common divisor of 105 and 39410.
35
Calculate the highest common factor of 110 and 5130.
10
What is the greatest common divisor of 1166 and 53530?
106
What is the highest common factor of 27 and 6207?
3
Calculate the highest common factor of 1239 and 508167.
177
What is the highest common factor of 23 and 16307?
23
What is the highest common factor of 209 and 337117?
209
Calculate the highest common divisor of 8544 and 267.
267
Calculate the highest common factor of 24 and 1346256.
24
Calculate the highest common divisor of 1080 and 1710360.
360
Calculate the highest common divisor of 5778 and 1854.
18
Calculate the highest common divisor of 10 and 1897130.
10
Calculate the highest common factor of 459 and 4726.
17
Calculate the highest common divisor of 72 and 6858.
18
Calculate the greatest common factor of 11 and 13986577.
11
Calculate the highest common factor of 148 and 137899.
37
Calculate the greatest common factor of 19 and 19171.
19
Calculate the greatest common factor of 4752 and 23122.
22
Calculate the highest common factor of 1984 and 150040.
248
What is the greatest common factor of 62 and 214?
2
What is the greatest common divisor of 124754 and 490?
98
Calculate the greatest common divisor of 43308 and 324.
108
Calculate the highest common factor of 430810 and 268.
134
What is the greatest common divisor of 12524 and 341?
31
Calculate the highest common factor of 2544 and 3374616.
1272
What is the greatest common factor of 6 and 294?
6
What is the greatest common divisor of 25696 and 17248?
352
What is the highest common divisor of 297 and 1584?
99
Calculate the highest common divisor of 92839 and 263.
263
Calculate the greatest common factor of 35392 and 1288.
56
Calculate the greatest common divisor of 4180 and 707740.
220
Calculate the highest common factor of 667 and 9686.
29
What is the greatest common factor of 66838 and 46?
46
What is the highest common divisor of 577632 and 32736?
1056
What is the highest common factor of 82 and 390689?
41
What is the highest common divisor of 411 and 389217?
411
Calculate the highest common factor of 236431 and 338.
169
Calculate the highest common factor of 12 and 5595.
3
Calculate the highest common divisor of 220378 and 878.
878
What is the greatest common divisor of 1320 and 132330?
330
Calculate the highest common factor of 21588 and 420.
84
Calculate the highest common divisor of 52030 and 258.
86
Calculate the highest common factor of 284209 and 47.
47
Calculate the greatest common factor of 14 and 46389.
7
What is the greatest common divisor of 23817 and 2335?
467
What is the greatest common divisor of 5145 and 2240?
35
Calculate the highest common factor of 3191983 and 18151.
2593
Calculate the highest common factor of 442 and 2327.
13
What is the greatest common divisor of 92 and 2447798?
46
What is the highest common factor of 782124 and 126?
42
Calculate the greatest common factor of 371653 and 2933.
419
What is the highest common factor of 15 and 378555?
15
Calculate the greatest common divisor of 814871 and 29.
29
What is the highest common divisor of 4121 and 3367?
13
Calculate the greatest common divisor of 176 and 13068.
44
Calculate the greatest common factor of 24 and 18472.
8
Calculate the highest common divisor of 1645 and 295.
5
What is the highest common divisor of 21 and 326739?
21
Calculate the greatest common divisor of 131832 and 18.
18
What is the highest common factor of 14366 and 198?
22
Calculate the highest common divisor of 215 and 170.
5
What is the greatest common factor of 14085 and 405?
45
Calculate the greatest common factor of 5657440 and 80.
80
Calculate the greatest common factor of 3 and 178437.
3
Calculate the greatest common factor of 18368 and 205.
41
What is the greatest common factor of 13289 and 1067?
97
Calculate the greatest common divisor of 32 and 4179792.
16
What is the highest common divisor of 42 and 13473432?
42
What is the greatest common divisor of 8949 and 411183?
471
What is the greatest common factor of 17490 and 220?
110
Calculate the greatest common factor of 651 and 77091.
21
Calculate the greatest common divisor of 250470 and 6578.
506
What is the greatest common divisor of 103933 and 106?
53
Calculate the highest common divisor of 15380 and 160.
20
Calculate the highest common divisor of 637 and 559.
13
Calculate the highest common divisor of 124 and 103850.
62
Calculate the highest common divisor of 430668 and 28.
28
What is the highest common factor of 1952 and 480?
32
Calculate the highest common divisor of 496 and 1426.
62
What is the greatest common divisor of 154 and 34144?
22
What is the greatest common factor of 343538 and 13?
13
What is the highest common divisor of 178280 and 40?
40
What is the highest common divisor of 346249 and 1112?
139
What is the highest common factor of 14396 and 3172?
244
Calculate the highest common factor of 4537 and 26.
13
What is the highest common divisor of 72162 and 11286?
342
What is the highest common factor of 3599766 and 36?
18
Calculate the highest common factor of 176 and 10604.
44
What is the highest common factor of 9312 and 1109874?
582
Calculate the greatest common divisor of 425 and 2193.
17
What is the greatest common factor of 380 and 121100?
20
Calculate the greatest common factor of 518 and 8200458.
518
Calculate the greatest common factor of 3401028 and 648.
324
What is the highest common divisor of 260685 and 6?
3
What is the highest common factor of 5005233 and 122?
61
What is the highest common divisor of 726405 and 5925?
1185
What is the highest common divisor of 30 and 78180?
30
Calculate the greatest common divisor of 144158 and 196.
98
Calculate the greatest common divisor of 3749848 and 376.
376
Calculate the highest common divisor of 1025 and 275.
25
Calculate the highest common divisor of 15365 and 770.
35
What is the highest common factor of 256 and 29632?
64
Calculate the highest common factor of 54 and 22158.
18
Calculate the highest common factor of 742394 and 230.
46
Calculate the highest common factor of 1256 and 8.
8
Calculate the highest common factor of 4676 and 2268.
28
What is the highest common factor of 5396 and 39653?
19
Calculate the highest common factor of 271291 and 142.
71
What is the greatest common divisor of 1968 and 12423?
123
Calculate the highest common factor of 52362 and 18.
18
What is the highest common factor of 1197 and 221787?
171
Calculate the greatest common divisor of 16 and 15170256.
16
What is the highest common divisor of 6069 and 2037?
21
Calculate the highest common divisor of 2592 and 26388.
36
What is the greatest common divisor of 88 and 924506?
22
Calculate the greatest common factor of 8752 and 24.
8
Calculate the highest common divisor of 28799 and 394825.
929
Calculate the highest common factor of 4343 and 559.
43
Calculate the highest common factor of 1651 and 2743.
13
What is the highest common factor of 1272 and 1032?
24
Calculate the greatest common divisor of 43 and 51471.
43
Calculate the highest common divisor of 18 and 271818.
18
What is the highest common divisor of 117 and 507039?
39
Calculate the greatest common divisor of 8 and 73664.
8
What is the greatest common divisor of 44 and 809644?
44
What is the greatest common divisor of 4080 and 1128?
24
Calculate the highest common divisor of 362691 and 931.
133
Calculate the highest common factor of 2587 and 14726.
199
Calculate the greatest common divisor of 35 and 516761.
7
What is the highest common factor of 617 and 78359?
617
Calculate the highest common divisor of 5634700 and 116.
116
Calculate the greatest common factor of 182 and 468026.
26
What is the highest common divisor of 938 and 21210994?
938
Calculate